{"id":4,"date":"2016-08-07T09:13:26","date_gmt":"2016-08-07T07:13:26","guid":{"rendered":"http:\/\/festival-nauke.me\/2015\/?page_id=4"},"modified":"2016-11-18T07:22:31","modified_gmt":"2016-11-18T06:22:31","slug":"home","status":"publish","type":"page","link":"https:\/\/festival-nauke.me\/2015\/","title":{"rendered":"Home"},"content":{"rendered":"<div id=\"pl-4\"  class=\"panel-layout\" ><div id=\"pg-4-0\"  class=\"panel-grid panel-has-style\" ><div class=\"siteorigin-panels-stretch panel-row-style panel-row-style-for-4-0\" data-stretch-type=\"full-stretched\" ><div id=\"pgc-4-0-0\"  class=\"panel-grid-cell\" ><div id=\"panel-4-0-0-0\" class=\"so-panel widget widget_text panel-first-child panel-last-child\" data-index=\"0\" >\t\t\t<div class=\"textwidget\"><div style=\"display: none;\" class=\"crellyslider-slider crellyslider-slider-full-width crellyslider-slider-home crellyslider-1\" id=\"crellyslider-1\">\n<ul>\n<li\nstyle=\"\nbackground-color: transparent;\nbackground-image: url('https:\/\/festival-nauke.me\/2015\/wp-content\/uploads\/sites\/4\/2016\/08\/BG.png');\nbackground-position: center center;\nbackground-repeat: no-repeat;\nbackground-size: cover;\n\n\"\ndata-in=\"fade\"\ndata-ease-in=\"750\"\ndata-out=\"fade\"\ndata-ease-out=\"750\"\ndata-time=\"5000\"\n>\n<img\nclass=\"\"\nsrc=\"https:\/\/festival-nauke.me\/2015\/wp-content\/uploads\/sites\/4\/2016\/08\/ni7.png\"\nalt=\"\"\nstyle=\"\nz-index: 1;\n\n\"\ndata-delay=\"0\"\ndata-ease-in=\"700\"\ndata-ease-out=\"300\"\ndata-in=\"slideRight\"\ndata-out=\"fade\"\ndata-ignore-ease-out=\"0\"\ndata-top=\"0\"\ndata-left=\"0\"\ndata-time=\"all\"\n\/>\n<img\nclass=\"\"\nsrc=\"https:\/\/festival-nauke.me\/2015\/wp-content\/uploads\/sites\/4\/2016\/08\/istrazi1.png\"\nalt=\"\"\nstyle=\"\nz-index: 1;\n\n\"\ndata-delay=\"700\"\ndata-ease-in=\"700\"\ndata-ease-out=\"300\"\ndata-in=\"slideLeft\"\ndata-out=\"fade\"\ndata-ignore-ease-out=\"0\"\ndata-top=\"350\"\ndata-left=\"635\"\ndata-time=\"all\"\n\/>\n<\/li>\n<\/ul>\n<\/div>\n<script type=\"text\/javascript\">\n(function($) {\n$(document).ready(function() {\n$(\"#crellyslider-1\").crellySlider({\nlayout: 'full-width',\nresponsive: 1,\nstartWidth: 1140,\nstartHeight: 400,\nautomaticSlide: 0,\nshowControls: 0,\nshowNavigation: 0,\nenableSwipe: 0,\nshowProgressBar: 0,\npauseOnHover: 0,\nrandomOrder: 0,\nstartFromSlide: 0,\nbeforeStart : function() {},\nbeforeSetResponsive : function() {},\nbeforeSlideStart : function() {},\nbeforePause\t: function() {},\nbeforeResume : function() {},\n});\n});\n})(jQuery);\n<\/script>\n<\/div>\n\t\t<\/div><\/div><\/div><\/div><div id=\"pg-4-1\"  class=\"panel-grid panel-no-style\" ><div id=\"pgc-4-1-0\"  class=\"panel-grid-cell\" ><div id=\"panel-4-1-0-0\" class=\"so-panel widget widget_sow-editor panel-first-child\" data-index=\"1\" ><div\n\t\t\t\n\t\t\tclass=\"so-widget-sow-editor so-widget-sow-editor-base\"\n\t\t\t\n\t\t>\n<div class=\"siteorigin-widget-tinymce textwidget\">\n\t<div id=\"content\"><div id=\"post-20\" class=\"post-20 page type-page status-publish hentry\"><div class=\"post-content\"><h3>SEDMA NO\u0106 ISTRA\u017dIVA\u010cA 2015<\/h3><h3>petak, 25. septembar\u00a0od podneva do pono\u0107i<\/h3><p><strong>Podgorica, Cetinje, Nik\u0161i\u0107, Kotor, Tivat, Kola\u0161in, Bijelo Polje, Bar<\/strong><\/p><p><strong>U Podgorici: Paviljon ULUCG, knji\u017eara Karver, Prirodnja\u010dki muzej CG, rektorat UCG, Capital Plaza, dvorac Kralja Nikole.<\/strong><em>\u00a0<\/em><\/p><p><em>\u00a0<\/em><\/p><p><em>No\u0107 istra\u017eiva\u010da je manifestacija koja se tradicionalno odr\u017eava posljednjeg petka u septembru u preko 280 evropskih gradova. U Podgorici se po sedmi put organizuje ovaj doga\u0111aj, koji slavi nauku na inovativan i zanimljiv na\u010din.<\/em><\/p><p><em>Prepustite se i uplovite u \u010darobne svjetove hemije, matematike, fizike, biologije, astronomije.\u00a0 Zaboravite predrasude i zavolite robotiku, programerstvo, energetiku\u2026<\/em><\/p><p><em>Kroz eksperimente, interaktivne prezentacije, radionice, otvorene laboratorije spoznajte sebe i svijet koji nas okru\u017euje. Uz pomo\u0107 svjetskih i doma\u0107ih nau\u010dnika, mladih istra\u017eiva\u010da, talentovanih u\u010denika i studenata, osjetite radost otkri\u0107a. O\u010dekuju vas jo\u0161 nau\u010dne tribine, predavanja, nau\u010dni kafe, izleti\u2026<\/em><\/p><p><em>Istra\u017ei i prona\u0111i se!<\/em><\/p><p>\u00a0<\/p><h3>PROGRAM<\/h3><p><strong>12:00 \u2013 18:00h\u00a0\u00a0 EKSPERIMENTI<\/strong><\/p><p><strong>18:00h\u00a0\u00a0 SVE\u010cANO OTVARANJE<\/strong><\/p><p><strong>18:30 \u2013 19:30h \u00a0SCIENCE CAFE\u00a0 <em>BEST<\/em><\/strong><\/p><p><strong>19:30 \u2013 21:00h \u00a0NAU\u010cNE TRIBINE<\/strong><\/p><p><strong>21:00h \u2013 22:00h\u00a0\u00a0 PANEL DISKUSIJA <em>MATEMATIKA I MI<\/em><\/strong><\/p><p><strong>22:00h\u00a0\u00a0\u00a0 KONCERT<\/strong><\/p><p><strong>23:00h\u00a0\u00a0 ASTRONOMSKO POSMATRANJE NEBA<\/strong><\/p><p>\u00a0<\/p><h3>SVE\u010cANO OTVARANJE \u2013 18:00h Paviljon ULUCG<\/h3><p>Ceremonija se nastavlja nau\u010dnim spektaklom\u00a0grupe Milana Popovi\u0107a, \u201eEksplodiraju\u0107a otkri\u0107a\u201c. Ne propustite priliku da pogledate interaktivni, nau\u010dni \u0161ou sastavljen od vi\u0161e od dvadeset atraktivnih fizi\u010dkih i hemijskih eksperimenata! Ne samo da \u0107ete se odli\u010dno zabaviti, ve\u0107 \u0107ete nau\u010diti mnogo toga novog o svijetu koji nas okru\u017euje. \u0160ou je do sada izveden preko 40 puta \u0161irom svijeta.<\/p><\/div><\/div><\/div><\/div>\n<\/div><\/div><div id=\"panel-4-1-0-1\" class=\"so-panel widget widget_sow-editor panel-last-child\" data-index=\"2\" ><div\n\t\t\t\n\t\t\tclass=\"so-widget-sow-editor so-widget-sow-editor-base\"\n\t\t\t\n\t\t>\n<div class=\"siteorigin-widget-tinymce textwidget\">\n\t<h3>SEVENTH RESEARCHERS\u2019 NIGHT<\/h3><h3>Friday, 25 September \u2013 from noon until midnight<\/h3><p><strong>Podgorica, Cetinje, Niksic, Kotor, Tivat, Kolasin, Bijelo Polje, Bar<\/strong><\/p><p><strong>In Podgorica:\u00a0 Art Pavilion of the ULUCG, Karver bookstore, the Natural History Museum of Montenegro, the\u00a0<em>Rectory<\/em>\u00a0of the\u00a0<em>University of Montenegro<\/em>, Capital Plaza, King Nikola\u2019 Palace<\/strong><\/p><p><em>\u00a0<\/em><\/p><p><em>Researchers\u2019 Night is an event traditionally held on the last Friday in September in over 280 European cities. In Podgorica, the event which celebrates science in an innovative and interesting way, has been organized for the seventh time.<\/em><\/p><p><em>Indulge yourself and sail into the magical worlds of chemistry, mathematics, physics, biology, astronomy. Forget prejudice and just start loving robotics, programming, energetics, etc.<\/em><\/p><p><em>Through experiments, interactive presentations, workshops, open laboratories, learn about yourselves and the world around us. With the help of international and local scientists, young researchers and talented students will experience the joy of discovery. You can expect scientific debates, lectures, scientific caf\u00e9, trips, etc.<\/em><\/p><p><em>Explore yourself!<\/em><\/p><h3>PROGRAMME<\/h3><p>12:00 \u2013 18:00h\u00a0\u00a0 EXPERIMENTS<\/p><p>18:00h\u00a0\u00a0 OPENING CEREMONY<\/p><p>18:30 \u2013 19:30h \u00a0SCIENCE CAFE\u00a0 <em>BEST<\/em><\/p><p>19:30 \u2013 21:00h COLLOQUIA<\/p><p>21:00h \u2013 22:00h \u00a0 PANEL DISCUSSION \u2013 MATHS&US<\/p><p>22:00h \u00a0 CONCERT<\/p><p>23:00h \u00a0 ASTRONOMICAL OBSERVATION<\/p><h3>OPENING CEREMONY \u2013 18: 00h Art Pavilion of ULUCG<\/h3><p>The ceremony continues with the scientific spectacle of Milan Popovi\u0107\u2019s group called \u201cexploding discoveries.\u201d Do not miss the opportunity to look at the interactive scientific show composed of more than twenty attractive physical and chemical experiments! Not only will you have a great time, but you will learn many new things about the world around us. The show has been performed all around the world more than 40 times so far.<\/p><\/div>\n<\/div><\/div><\/div><div id=\"pgc-4-1-1\"  class=\"panel-grid-cell\" ><div id=\"panel-4-1-1-0\" class=\"so-panel widget widget_sow-editor panel-first-child panel-last-child\" data-index=\"3\" ><div\n\t\t\t\n\t\t\tclass=\"so-widget-sow-editor so-widget-sow-editor-base\"\n\t\t\t\n\t\t><h3 class=\"widget-title\">EUROPEAN RESEARCHERS\u2019 NIGHT<\/h3>\n<div class=\"siteorigin-widget-tinymce textwidget\">\n\t<div id=\"text-2\" class=\"widget widget_text\">\n<div class=\"heading\">\n<h3><a href=\"http:\/\/ec.europa.eu\/research\/researchersnight\/index_en.htm\"><img loading=\"lazy\" decoding=\"async\" class=\"alignnone wp-image-27 size-full\" src=\"https:\/\/festival-nauke.me\/2015\/wp-content\/uploads\/sites\/4\/2016\/08\/ern1.jpg\" alt=\"ern[1]\" width=\"291\" height=\"200\" \/><\/a><\/h3>\n<\/div>\n<\/div>\n<div id=\"text-3\" class=\"widget widget_text\">\n<div class=\"textwidget\">Funded by the European Commission's Research and Innovation Framework Programme H2020 (2014-2020) by the Marie Sk\u0142odowska-Curie actions. Directorate-General for Education and Culture. European Commission under Grant Agreement No. 633406<\/div>\n<\/div>\n<\/div>\n<\/div><\/div><\/div><\/div><div id=\"pg-4-2\"  class=\"panel-grid panel-no-style\" ><div id=\"pgc-4-2-0\"  class=\"panel-grid-cell\" ><div id=\"panel-4-2-0-0\" class=\"so-panel widget widget_sow-image panel-first-child panel-last-child\" data-index=\"4\" ><div\n\t\t\t\n\t\t\tclass=\"so-widget-sow-image so-widget-sow-image-default-c67d20f9f743-4\"\n\t\t\t\n\t\t>\n<div class=\"sow-image-container\">\n\t\t<img \n\tsrc=\"https:\/\/festival-nauke.me\/2015\/wp-content\/uploads\/sites\/4\/2016\/08\/ad1.jpg\" width=\"1140\" height=\"161\" srcset=\"https:\/\/festival-nauke.me\/2015\/wp-content\/uploads\/sites\/4\/2016\/08\/ad1.jpg 1140w, https:\/\/festival-nauke.me\/2015\/wp-content\/uploads\/sites\/4\/2016\/08\/ad1-300x42.jpg 300w, https:\/\/festival-nauke.me\/2015\/wp-content\/uploads\/sites\/4\/2016\/08\/ad1-768x108.jpg 768w, https:\/\/festival-nauke.me\/2015\/wp-content\/uploads\/sites\/4\/2016\/08\/ad1-1024x145.jpg 1024w\" sizes=\"(max-width: 1140px) 100vw, 1140px\" alt=\"Pokrivitelji 7, no\u0107i istra\u017eiva\u010da 2015,god,\" \t\tclass=\"so-widget-image\"\/>\n\t<\/div>\n\n<\/div><\/div><\/div><\/div><\/div>","protected":false},"excerpt":{"rendered":"<p>SEDMA NO\u0106 ISTRA\u017dIVA\u010cA 2015petak, 25. septembar\u00a0od podneva do pono\u0107iPodgorica, Cetinje, Nik\u0161i\u0107, Kotor, Tivat, Kola\u0161in, Bijelo Polje, BarU Podgorici: Paviljon ULUCG,<a class=\"read-more\" href=\"https:\/\/festival-nauke.me\/2015\/\"> [&#8230;] \u010citaj dalje <i class=\"la la-long-arrow-right\"><\/i><\/a><\/p>\n","protected":false},"author":1,"featured_media":0,"parent":0,"menu_order":0,"comment_status":"closed","ping_status":"closed","template":"page-templates\/page_front-page.php","meta":{"footnotes":""},"class_list":["post-4","page","type-page","status-publish","hentry"],"_links":{"self":[{"href":"https:\/\/festival-nauke.me\/2015\/wp-json\/wp\/v2\/pages\/4","targetHints":{"allow":["GET"]}}],"collection":[{"href":"https:\/\/festival-nauke.me\/2015\/wp-json\/wp\/v2\/pages"}],"about":[{"href":"https:\/\/festival-nauke.me\/2015\/wp-json\/wp\/v2\/types\/page"}],"author":[{"embeddable":true,"href":"https:\/\/festival-nauke.me\/2015\/wp-json\/wp\/v2\/users\/1"}],"replies":[{"embeddable":true,"href":"https:\/\/festival-nauke.me\/2015\/wp-json\/wp\/v2\/comments?post=4"}],"version-history":[{"count":0,"href":"https:\/\/festival-nauke.me\/2015\/wp-json\/wp\/v2\/pages\/4\/revisions"}],"wp:attachment":[{"href":"https:\/\/festival-nauke.me\/2015\/wp-json\/wp\/v2\/media?parent=4"}],"curies":[{"name":"wp","href":"https:\/\/api.w.org\/{rel}","templated":true}]}}