{"id":17,"date":"2016-08-07T11:23:59","date_gmt":"2016-08-07T09:23:59","guid":{"rendered":"http:\/\/festival-nauke.me\/2015\/?page_id=17"},"modified":"2016-08-08T22:21:14","modified_gmt":"2016-08-08T20:21:14","slug":"izleti-i-laboratorije","status":"publish","type":"page","link":"https:\/\/festival-nauke.me\/2015\/izleti-i-laboratorije\/","title":{"rendered":"Izleti i laboratorije"},"content":{"rendered":"<div id=\"pl-17\"  class=\"panel-layout\" ><div id=\"pg-17-0\"  class=\"panel-grid panel-has-style\" ><div class=\"siteorigin-panels-stretch panel-row-style panel-row-style-for-17-0\" data-stretch-type=\"full-stretched\" ><div id=\"pgc-17-0-0\"  class=\"panel-grid-cell\" ><div id=\"panel-17-0-0-0\" class=\"so-panel widget widget_text panel-first-child panel-last-child\" data-index=\"0\" >\t\t\t<div class=\"textwidget\"><div style=\"display: none;\" class=\"crellyslider-slider crellyslider-slider-full-width crellyslider-slider-home crellyslider-1\" id=\"crellyslider-1\">\n<ul>\n<li\nstyle=\"\nbackground-color: transparent;\nbackground-image: url('https:\/\/festival-nauke.me\/2015\/wp-content\/uploads\/sites\/4\/2016\/08\/BG.png');\nbackground-position: center center;\nbackground-repeat: no-repeat;\nbackground-size: cover;\n\n\"\ndata-in=\"fade\"\ndata-ease-in=\"750\"\ndata-out=\"fade\"\ndata-ease-out=\"750\"\ndata-time=\"5000\"\n>\n<img\nclass=\"\"\nsrc=\"https:\/\/festival-nauke.me\/2015\/wp-content\/uploads\/sites\/4\/2016\/08\/ni7.png\"\nalt=\"\"\nstyle=\"\nz-index: 1;\n\n\"\ndata-delay=\"0\"\ndata-ease-in=\"700\"\ndata-ease-out=\"300\"\ndata-in=\"slideRight\"\ndata-out=\"fade\"\ndata-ignore-ease-out=\"0\"\ndata-top=\"0\"\ndata-left=\"0\"\ndata-time=\"all\"\n\/>\n<img\nclass=\"\"\nsrc=\"https:\/\/festival-nauke.me\/2015\/wp-content\/uploads\/sites\/4\/2016\/08\/istrazi1.png\"\nalt=\"\"\nstyle=\"\nz-index: 1;\n\n\"\ndata-delay=\"700\"\ndata-ease-in=\"700\"\ndata-ease-out=\"300\"\ndata-in=\"slideLeft\"\ndata-out=\"fade\"\ndata-ignore-ease-out=\"0\"\ndata-top=\"350\"\ndata-left=\"635\"\ndata-time=\"all\"\n\/>\n<\/li>\n<\/ul>\n<\/div>\n<script type=\"text\/javascript\">\n(function($) {\n$(document).ready(function() {\n$(\"#crellyslider-1\").crellySlider({\nlayout: 'full-width',\nresponsive: 1,\nstartWidth: 1140,\nstartHeight: 400,\nautomaticSlide: 0,\nshowControls: 0,\nshowNavigation: 0,\nenableSwipe: 0,\nshowProgressBar: 0,\npauseOnHover: 0,\nrandomOrder: 0,\nstartFromSlide: 0,\nbeforeStart : function() {},\nbeforeSetResponsive : function() {},\nbeforeSlideStart : function() {},\nbeforePause\t: function() {},\nbeforeResume : function() {},\n});\n});\n})(jQuery);\n<\/script>\n<\/div>\n\t\t<\/div><\/div><\/div><\/div><div id=\"pg-17-1\"  class=\"panel-grid panel-no-style\" ><div id=\"pgc-17-1-0\"  class=\"panel-grid-cell\" ><div id=\"panel-17-1-0-0\" class=\"so-panel widget widget_sow-editor panel-first-child panel-last-child\" data-index=\"1\" ><div\n\t\t\t\n\t\t\tclass=\"so-widget-sow-editor so-widget-sow-editor-base\"\n\t\t\t\n\t\t>\n<div class=\"siteorigin-widget-tinymce textwidget\">\n\t<div id=\"content\"><div id=\"post-20\" class=\"post-20 page type-page status-publish hentry\"><div class=\"post-content\"><h4>ISTRA\u017dIVA\u010cKI IZLETI<\/h4><h4>od 12:00h<\/h4><p>CETINJE: DR\u017dAVNI ARHIV CRNE GORE<\/p><p>BIJELO POLJE:\u00a0 FABRIKA VODE RADA<\/p><p>NIK\u0160I\u0106: ENING<\/p><p>KOLA\u0160IN: BOTANI\u010cKA BA\u0160TA PLANINSKE FLORE DULOVINE<\/p><p>TIVAT: PORTO MONTENEGRO<\/p><p>KOTOR: INSTITUT ZA BIOLOGIJU MORA<\/p><h4>OTVORENE LABORATORIJE<\/h4><h4>12:00 \u2013 14:00h<\/h4><p>PRIRODNJA\u010cKI MUZEJ CRNE GORE<\/p><p>GRA\u0110EVINSKI FAKULTET<\/p><p>MA\u0160INSKI FAKULTET<\/p><p>CETI<\/p><p>ZAVOD ZA HIDROMETEOROLOGIJU I SEIZMOLOGIJU<\/p><\/div><\/div><\/div><\/div>\n<\/div><\/div><\/div><div id=\"pgc-17-1-1\"  class=\"panel-grid-cell\" ><div id=\"panel-17-1-1-0\" class=\"so-panel widget widget_sow-editor panel-first-child panel-last-child\" data-index=\"2\" ><div\n\t\t\t\n\t\t\tclass=\"so-widget-sow-editor so-widget-sow-editor-base\"\n\t\t\t\n\t\t><h3 class=\"widget-title\">EUROPEAN RESEARCHERS\u2019 NIGHT<\/h3>\n<div class=\"siteorigin-widget-tinymce textwidget\">\n\t<div id=\"text-2\" class=\"widget widget_text\">\u00a0<\/div>\n<div id=\"text-3\" class=\"widget widget_text\">\n<div class=\"textwidget\"><a href=\"http:\/\/ec.europa.eu\/research\/researchersnight\/index_en.htm\"><img loading=\"lazy\" decoding=\"async\" class=\"alignnone wp-image-27 size-full\" src=\"https:\/\/festival-nauke.me\/2015\/wp-content\/uploads\/sites\/4\/2016\/08\/ern1.jpg\" alt=\"ern[1]\" width=\"291\" height=\"200\" \/><\/a><\/div>\n<div class=\"textwidget\">Funded by the European Commission's Research and Innovation Framework Programme H2020 (2014-2020) by the Marie Sk\u0142odowska-Curie actions. Directorate-General for Education and Culture. European Commission under Grant Agreement No. 633406<\/div>\n<\/div>\n<\/div>\n<\/div><\/div><\/div><\/div><div id=\"pg-17-2\"  class=\"panel-grid panel-no-style\" ><div id=\"pgc-17-2-0\"  class=\"panel-grid-cell\" ><div id=\"panel-17-2-0-0\" class=\"so-panel widget widget_sow-image panel-first-child panel-last-child\" data-index=\"3\" ><div\n\t\t\t\n\t\t\tclass=\"so-widget-sow-image so-widget-sow-image-default-c67d20f9f743-17\"\n\t\t\t\n\t\t>\n<div class=\"sow-image-container\">\n\t\t<img \n\tsrc=\"https:\/\/festival-nauke.me\/2015\/wp-content\/uploads\/sites\/4\/2016\/08\/ad1.jpg\" width=\"1140\" height=\"161\" srcset=\"https:\/\/festival-nauke.me\/2015\/wp-content\/uploads\/sites\/4\/2016\/08\/ad1.jpg 1140w, https:\/\/festival-nauke.me\/2015\/wp-content\/uploads\/sites\/4\/2016\/08\/ad1-300x42.jpg 300w, https:\/\/festival-nauke.me\/2015\/wp-content\/uploads\/sites\/4\/2016\/08\/ad1-768x108.jpg 768w, https:\/\/festival-nauke.me\/2015\/wp-content\/uploads\/sites\/4\/2016\/08\/ad1-1024x145.jpg 1024w\" sizes=\"(max-width: 1140px) 100vw, 1140px\" alt=\"Pokrivitelji 7, no\u0107i istra\u017eiva\u010da 2015,god,\" \t\tclass=\"so-widget-image\"\/>\n\t<\/div>\n\n<\/div><\/div><\/div><\/div><\/div>","protected":false},"excerpt":{"rendered":"<p>ISTRA\u017dIVA\u010cKI IZLETIod 12:00hCETINJE: DR\u017dAVNI ARHIV CRNE GOREBIJELO POLJE:\u00a0 FABRIKA VODE RADANIK\u0160I\u0106: ENINGKOLA\u0160IN: BOTANI\u010cKA BA\u0160TA PLANINSKE FLORE DULOVINETIVAT: PORTO MONTENEGROKOTOR: INSTITUT<a class=\"read-more\" href=\"https:\/\/festival-nauke.me\/2015\/izleti-i-laboratorije\/\"> [&#8230;] \u010citaj dalje <i class=\"la la-long-arrow-right\"><\/i><\/a><\/p>\n","protected":false},"author":1,"featured_media":0,"parent":0,"menu_order":0,"comment_status":"closed","ping_status":"closed","template":"page-templates\/page_front-page.php","meta":{"footnotes":""},"class_list":["post-17","page","type-page","status-publish","hentry"],"_links":{"self":[{"href":"https:\/\/festival-nauke.me\/2015\/wp-json\/wp\/v2\/pages\/17","targetHints":{"allow":["GET"]}}],"collection":[{"href":"https:\/\/festival-nauke.me\/2015\/wp-json\/wp\/v2\/pages"}],"about":[{"href":"https:\/\/festival-nauke.me\/2015\/wp-json\/wp\/v2\/types\/page"}],"author":[{"embeddable":true,"href":"https:\/\/festival-nauke.me\/2015\/wp-json\/wp\/v2\/users\/1"}],"replies":[{"embeddable":true,"href":"https:\/\/festival-nauke.me\/2015\/wp-json\/wp\/v2\/comments?post=17"}],"version-history":[{"count":0,"href":"https:\/\/festival-nauke.me\/2015\/wp-json\/wp\/v2\/pages\/17\/revisions"}],"wp:attachment":[{"href":"https:\/\/festival-nauke.me\/2015\/wp-json\/wp\/v2\/media?parent=17"}],"curies":[{"name":"wp","href":"https:\/\/api.w.org\/{rel}","templated":true}]}}