{"id":4,"date":"2016-08-27T20:11:11","date_gmt":"2016-08-27T18:11:11","guid":{"rendered":"http:\/\/festival-nauke.me\/2011\/?page_id=4"},"modified":"2016-08-27T22:06:20","modified_gmt":"2016-08-27T20:06:20","slug":"home","status":"publish","type":"page","link":"https:\/\/festival-nauke.me\/2011\/","title":{"rendered":"Home"},"content":{"rendered":"<div id=\"pl-4\"  class=\"panel-layout\" ><div id=\"pg-4-0\"  class=\"panel-grid panel-no-style\" ><div id=\"pgc-4-0-0\"  class=\"panel-grid-cell\" ><div id=\"panel-4-0-0-0\" class=\"so-panel widget widget_text panel-first-child\" data-index=\"0\" >\t\t\t<div class=\"textwidget\"><div style=\"display: none;\" class=\"crellyslider-slider crellyslider-slider-full-width crellyslider-slider-home crellyslider-1\" id=\"crellyslider-1\">\n<ul>\n<li\nstyle=\"\nbackground-color: transparent;\nbackground-image: url('https:\/\/festival-nauke.me\/2011\/wp-content\/uploads\/sites\/7\/2016\/08\/3952666761_541696d2f8_o.jpg');\nbackground-position: center center;\nbackground-repeat: no-repeat;\nbackground-size: cover;\n\n\"\ndata-in=\"slideLeft\"\ndata-ease-in=\"300\"\ndata-out=\"fade\"\ndata-ease-out=\"300\"\ndata-time=\"5000\"\n>\n<\/li>\n<li\nstyle=\"\nbackground-color: transparent;\nbackground-image: url('https:\/\/festival-nauke.me\/2011\/wp-content\/uploads\/sites\/7\/2016\/08\/3952673111_28a58dc9cd_o.jpg');\nbackground-position: center center;\nbackground-repeat: no-repeat;\nbackground-size: cover;\n\n\"\ndata-in=\"slideLeft\"\ndata-ease-in=\"300\"\ndata-out=\"fade\"\ndata-ease-out=\"300\"\ndata-time=\"5000\"\n>\n<\/li>\n<li\nstyle=\"\nbackground-color: transparent;\nbackground-image: url('https:\/\/festival-nauke.me\/2011\/wp-content\/uploads\/sites\/7\/2016\/08\/3953504375_424c11ffa3_o.jpg');\nbackground-position: center center;\nbackground-repeat: no-repeat;\nbackground-size: cover;\n\n\"\ndata-in=\"slideLeft\"\ndata-ease-in=\"300\"\ndata-out=\"fade\"\ndata-ease-out=\"300\"\ndata-time=\"5000\"\n>\n<\/li>\n<\/ul>\n<\/div>\n<script type=\"text\/javascript\">\n(function($) {\n$(document).ready(function() {\n$(\"#crellyslider-1\").crellySlider({\nlayout: 'full-width',\nresponsive: 1,\nstartWidth: 1140,\nstartHeight: 500,\nautomaticSlide: 1,\nshowControls: 0,\nshowNavigation: 1,\nenableSwipe: 1,\nshowProgressBar: 1,\npauseOnHover: 1,\nrandomOrder: 0,\nstartFromSlide: 0,\nbeforeStart : function() {},\nbeforeSetResponsive : function() {},\nbeforeSlideStart : function() {},\nbeforePause\t: function() {},\nbeforeResume : function() {},\n});\n});\n})(jQuery);\n<\/script>\n <\/div>\n\t\t<\/div><div id=\"panel-4-0-0-1\" class=\"so-panel widget widget_sow-editor\" data-index=\"1\" ><div\n\t\t\t\n\t\t\tclass=\"so-widget-sow-editor so-widget-sow-editor-base\"\n\t\t\t\n\t\t>\n<div class=\"siteorigin-widget-tinymce textwidget\">\n\t<p><strong>PROGRAM<\/strong><\/p>\n<p>12.00 \u2013 20.00 h\u00a0 EKSPERIMENTI I PREZENTACIJE (paviljon ULUCG)<br \/>\n18.00 h \u2013 Sve\u010dano otvaranje i NAU\u010cNI \u0160OU Mihe Kosa (Paviljon)<br \/>\n19.00 \u2013 22.00 h\u00a0 NAU\u010cNE TRIBINE\u00a0 (Karver)<br \/>\n19.00 \u2013 22.00 h\u00a0 GIMNAZIJALCI ISTRA\u017dUJU (Nau\u010dni kafe u Karveru)<br \/>\n12.00 \u2013 22.00 h EVROPSKI UGAO (Karver)<br \/>\n22.00\u00a0 KONCERT Vanje Radovanovi\u0107a\u00a0 (Karver)<\/p>\n<p><strong>ISTRA\u017dIVA\u010cKI IZLETI<\/strong><\/p>\n<p>12.00 h\u00a0 Kotorski zaliv<br \/>\n12.00 h\u00a0 Pivara Trebjesa<\/p>\n<p><strong>OTVORENE LABORATORIJE<\/strong><\/p>\n<p>14.00 h Ma\u0161inski fakultet UCG<br \/>\n15.00 h Gra\u0111evinski fakultet UCG<\/p>\n<p><strong>SVE\u010cANO OTVARANJE<\/strong><\/p>\n<p><strong>18.00 h Paviljon ULUCG<\/strong><br \/>\nNa otvaranju festivala govore Nj. E. <strong>Leopold Maurer<\/strong>, \u0161ef\u00a0 Kancelarije EU u Podgorici, ministar nauke <strong>Sanja Vlahovi\u0107<\/strong> i predsjednik fondacije Prona prof. dr <strong>Jovan Mirkovi\u0107<\/strong>.<br \/>\nPlesnom ta\u010dkom doga\u0111aj upotpunjuje Umjetni\u010dki centar Dream.<br \/>\nSastavni dio otvaranja je i NAU\u010cNI \u0160OU, spektakl dr Mihe Kosa (Ljubljana):<em> Gasologija (18.20 -19.00h)<\/em><\/p>\n<\/div>\n<\/div><\/div><div id=\"panel-4-0-0-2\" class=\"so-panel widget widget_mpst_latest_news mpst_latest_news_widget panel-last-child\" data-index=\"2\" >            <h3 class=\"widget-title\">Tribine \/ Karver<\/h3>            <div id=\"scr\" class=\"row dab-posts u-max-full-width\">\r\n                                <div class=\"blog-post one-third column\">\r\n                                            <div class=\"entry-thumb\">\r\n                                                    <\/div>\r\n                                                <h3 class=\"entry-title\"><a href=\"https:\/\/festival-nauke.me\/2011\/2016\/08\/27\/prof-dr-radovan-stojanovic\/\" rel=\"bookmark\">Prof. dr Radovan Stojanovi\u0107<\/a><\/h3>                        <div class=\"dab-post-meta\">\r\n                            <span class=\"posted-on\"><i class=\"fa fa-calendar\" title=\"Date\"><\/i> <a href=\"https:\/\/festival-nauke.me\/2011\/2016\/08\/27\/prof-dr-radovan-stojanovic\/\" rel=\"bookmark\"><time class=\"entry-date published updated\" datetime=\"2016-08-27T21:32:13+02:00\">27. Augusta 2016.<\/time><\/a><\/span><span class=\"byline\"> <span class=\"author vcard\"><a class=\"url fn n\" href=\"https:\/\/festival-nauke.me\/2011\/author\/admin\/\">admin<\/a><\/span><\/span>                        <\/div>\r\n                        <div class=\"entry-summary\">\r\n                            <p>Rodjen u Beranama, 1965. god. gdje zavr\u0161ava Osnovnu \u0161kolu i Gimnaziju. Bio uspje\u0161an na takmi\u010denjima iz prirodnih i tehni\u010dkih nauka.<a class=\"read-more\" href=\"https:\/\/festival-nauke.me\/2011\/2016\/08\/27\/prof-dr-radovan-stojanovic\/\"> [\u2026] \u010citaj dalje <i class=\"la la-long-arrow-right\"><\/i><\/a><\/p>\n                        <\/div>\r\n                <\/div>\r\n                                <div class=\"blog-post one-third column\">\r\n                                            <div class=\"entry-thumb\">\r\n                                                    <\/div>\r\n                                                <h3 class=\"entry-title\"><a href=\"https:\/\/festival-nauke.me\/2011\/2016\/08\/27\/prof-dr-branislav-vlahovic-sad\/\" rel=\"bookmark\">Prof. dr Branislav Vlahovi\u0107 (SAD)<\/a><\/h3>                        <div class=\"dab-post-meta\">\r\n                            <span class=\"posted-on\"><i class=\"fa fa-calendar\" title=\"Date\"><\/i> <a href=\"https:\/\/festival-nauke.me\/2011\/2016\/08\/27\/prof-dr-branislav-vlahovic-sad\/\" rel=\"bookmark\"><time class=\"entry-date published updated\" datetime=\"2016-08-27T21:30:19+02:00\">27. Augusta 2016.<\/time><\/a><\/span><span class=\"byline\"> <span class=\"author vcard\"><a class=\"url fn n\" href=\"https:\/\/festival-nauke.me\/2011\/author\/admin\/\">admin<\/a><\/span><\/span>                        <\/div>\r\n                        <div class=\"entry-summary\">\r\n                            <p>Branislav Vlahovic, rodjen 1955, sin je Slavice i Dobrasina Vlahovica, porijeklom iz Ulotine. Nakon zavrsetka studija fizike na Prirodoslovno-matematickom fakultetu,<a class=\"read-more\" href=\"https:\/\/festival-nauke.me\/2011\/2016\/08\/27\/prof-dr-branislav-vlahovic-sad\/\"> [\u2026] \u010citaj dalje <i class=\"la la-long-arrow-right\"><\/i><\/a><\/p>\n                        <\/div>\r\n                <\/div>\r\n                                <div class=\"blog-post one-third column\">\r\n                                            <div class=\"entry-thumb\">\r\n                                                    <\/div>\r\n                                                <h3 class=\"entry-title\"><a href=\"https:\/\/festival-nauke.me\/2011\/2016\/08\/27\/dr-sanja-ivanovic\/\" rel=\"bookmark\">Dr Sanja Ivanovi\u0107<\/a><\/h3>                        <div class=\"dab-post-meta\">\r\n                            <span class=\"posted-on\"><i class=\"fa fa-calendar\" title=\"Date\"><\/i> <a href=\"https:\/\/festival-nauke.me\/2011\/2016\/08\/27\/dr-sanja-ivanovic\/\" rel=\"bookmark\"><time class=\"entry-date published updated\" datetime=\"2016-08-27T21:27:49+02:00\">27. Augusta 2016.<\/time><\/a><\/span><span class=\"byline\"> <span class=\"author vcard\"><a class=\"url fn n\" href=\"https:\/\/festival-nauke.me\/2011\/author\/admin\/\">admin<\/a><\/span><\/span>                        <\/div>\r\n                        <div class=\"entry-summary\">\r\n                            <p>Naslov teme:\u00a0 Zemljotresi, cunamii i njihove posljedice \u2013 nekada i sada Sadrzaj: Ponasanje konstrukcija\u00a0 pobudjenih seizmckim dejstavima, moze se u<a class=\"read-more\" href=\"https:\/\/festival-nauke.me\/2011\/2016\/08\/27\/dr-sanja-ivanovic\/\"> [\u2026] \u010citaj dalje <i class=\"la la-long-arrow-right\"><\/i><\/a><\/p>\n                        <\/div>\r\n                <\/div>\r\n                                                                                <!--<\/div> .row -->\r\n            <\/div>\r\n            <!-- .container -->\r\n            <\/div><\/div><\/div><\/div>","protected":false},"excerpt":{"rendered":"<p>PROGRAM 12.00 \u2013 20.00 h\u00a0 EKSPERIMENTI I PREZENTACIJE (paviljon ULUCG) 18.00 h \u2013 Sve\u010dano otvaranje i NAU\u010cNI \u0160OU Mihe Kosa<a class=\"read-more\" href=\"https:\/\/festival-nauke.me\/2011\/\"> [&#8230;] \u010citaj dalje <i class=\"la la-long-arrow-right\"><\/i><\/a><\/p>\n","protected":false},"author":1,"featured_media":0,"parent":0,"menu_order":0,"comment_status":"closed","ping_status":"closed","template":"","meta":{"footnotes":""},"class_list":["post-4","page","type-page","status-publish","hentry"],"_links":{"self":[{"href":"https:\/\/festival-nauke.me\/2011\/wp-json\/wp\/v2\/pages\/4","targetHints":{"allow":["GET"]}}],"collection":[{"href":"https:\/\/festival-nauke.me\/2011\/wp-json\/wp\/v2\/pages"}],"about":[{"href":"https:\/\/festival-nauke.me\/2011\/wp-json\/wp\/v2\/types\/page"}],"author":[{"embeddable":true,"href":"https:\/\/festival-nauke.me\/2011\/wp-json\/wp\/v2\/users\/1"}],"replies":[{"embeddable":true,"href":"https:\/\/festival-nauke.me\/2011\/wp-json\/wp\/v2\/comments?post=4"}],"version-history":[{"count":0,"href":"https:\/\/festival-nauke.me\/2011\/wp-json\/wp\/v2\/pages\/4\/revisions"}],"wp:attachment":[{"href":"https:\/\/festival-nauke.me\/2011\/wp-json\/wp\/v2\/media?parent=4"}],"curies":[{"name":"wp","href":"https:\/\/api.w.org\/{rel}","templated":true}]}}