{"id":25,"date":"2016-08-27T22:46:29","date_gmt":"2016-08-27T20:46:29","guid":{"rendered":"http:\/\/festival-nauke.me\/2011\/?page_id=25"},"modified":"2016-08-27T22:46:29","modified_gmt":"2016-08-27T20:46:29","slug":"prijavljivanje-za-izlete-i-posjete","status":"publish","type":"page","link":"https:\/\/festival-nauke.me\/2011\/prijavljivanje-za-izlete-i-posjete\/","title":{"rendered":"Prijavljivanje za izlete i posjete"},"content":{"rendered":"<p>Program No\u0107i istra\u017eiva\u010da obuhvata 3 posjete\/izleta, 23.septembra:<\/p>\n<p>Istra\u017eiva\u010dki izlet brodom u Kotoru, s biolozima Instituta za biologiju mora<br \/>\npolazak u 12h ispred Instituta<br \/>\nprijavljivanje na e-mail:mamilica@ac.me i tel. 032 334-569      <\/p>\n<p>Istra\u017eiva\u010dka posjeta pivari \u201cTrebjesa\u201d u Nik\u0161i\u0107u<br \/>\nokupljanje u 12h ispred ulaza u \u201cTrebjesu\u201d<br \/>\nprijavljivanje na e-mail:noc.istrazivaca@ac.me i tel. 020 405-331      <\/p>\n<p>Posjeta laboratorijama Ma\u0161inskog i Gra\u0111evinskog fakulteta<br \/>\nZgrada Tehni\u010dkih fakulteta Univerziteta Crne Gore<br \/>\nMa\u0161inski 14.00h<br \/>\nGra\u0111evinski 15.00h<br \/>\nprijavljivanje na e-mail noc.istrazivaca@ac.me i tel.020 405-331      <\/p>\n","protected":false},"excerpt":{"rendered":"<p>Program No\u0107i istra\u017eiva\u010da obuhvata 3 posjete\/izleta, 23.septembra: Istra\u017eiva\u010dki izlet brodom u Kotoru, s biolozima Instituta za biologiju mora polazak u<a class=\"read-more\" href=\"https:\/\/festival-nauke.me\/2011\/prijavljivanje-za-izlete-i-posjete\/\"> [&#8230;] \u010citaj dalje <i class=\"la la-long-arrow-right\"><\/i><\/a><\/p>\n","protected":false},"author":1,"featured_media":0,"parent":0,"menu_order":0,"comment_status":"closed","ping_status":"closed","template":"","meta":{"footnotes":""},"class_list":["post-25","page","type-page","status-publish","hentry"],"_links":{"self":[{"href":"https:\/\/festival-nauke.me\/2011\/wp-json\/wp\/v2\/pages\/25","targetHints":{"allow":["GET"]}}],"collection":[{"href":"https:\/\/festival-nauke.me\/2011\/wp-json\/wp\/v2\/pages"}],"about":[{"href":"https:\/\/festival-nauke.me\/2011\/wp-json\/wp\/v2\/types\/page"}],"author":[{"embeddable":true,"href":"https:\/\/festival-nauke.me\/2011\/wp-json\/wp\/v2\/users\/1"}],"replies":[{"embeddable":true,"href":"https:\/\/festival-nauke.me\/2011\/wp-json\/wp\/v2\/comments?post=25"}],"version-history":[{"count":0,"href":"https:\/\/festival-nauke.me\/2011\/wp-json\/wp\/v2\/pages\/25\/revisions"}],"wp:attachment":[{"href":"https:\/\/festival-nauke.me\/2011\/wp-json\/wp\/v2\/media?parent=25"}],"curies":[{"name":"wp","href":"https:\/\/api.w.org\/{rel}","templated":true}]}}