{"id":240,"date":"2016-07-26T21:05:35","date_gmt":"2016-07-26T19:05:35","guid":{"rendered":"http:\/\/festival-nauke.me\/2010\/?page_id=240"},"modified":"2016-07-27T02:12:11","modified_gmt":"2016-07-27T00:12:11","slug":"home","status":"publish","type":"page","link":"https:\/\/festival-nauke.me\/2010\/","title":{"rendered":"Home"},"content":{"rendered":"<div id=\"pl-240\"  class=\"panel-layout\" ><div id=\"pg-240-0\"  class=\"panel-grid panel-no-style\" ><div id=\"pgc-240-0-0\"  class=\"panel-grid-cell\" ><div id=\"panel-240-0-0-0\" class=\"so-panel widget widget_text panel-first-child\" data-index=\"0\" >\t\t\t<div class=\"textwidget\"><div style=\"display: none;\" class=\"crellyslider-slider crellyslider-slider-full-width crellyslider-slider-home crellyslider-1\" id=\"crellyslider-1\">\n<ul>\n<li\nstyle=\"\nbackground-color: transparent;\nbackground-image: url('https:\/\/festival-nauke.me\/2010\/wp-content\/uploads\/sites\/3\/2016\/07\/festivalnauke-me-185.jpg');\nbackground-position: center center;\nbackground-repeat: no-repeat;\nbackground-size: cover;\n\n\"\ndata-in=\"fade\"\ndata-ease-in=\"300\"\ndata-out=\"fade\"\ndata-ease-out=\"300\"\ndata-time=\"5000\"\n>\n<\/li>\n<li\nstyle=\"\nbackground-color: transparent;\nbackground-image: url('https:\/\/festival-nauke.me\/2010\/wp-content\/uploads\/sites\/3\/2016\/07\/festivalnauke-me-177.jpg');\nbackground-position: center center;\nbackground-repeat: no-repeat;\nbackground-size: cover;\n\n\"\ndata-in=\"fade\"\ndata-ease-in=\"300\"\ndata-out=\"fade\"\ndata-ease-out=\"300\"\ndata-time=\"5000\"\n>\n<\/li>\n<li\nstyle=\"\nbackground-color: transparent;\nbackground-image: url('https:\/\/festival-nauke.me\/2010\/wp-content\/uploads\/sites\/3\/2016\/07\/festivalnauke-me-130.jpg');\nbackground-position: center center;\nbackground-repeat: no-repeat;\nbackground-size: cover;\n\n\"\ndata-in=\"fade\"\ndata-ease-in=\"300\"\ndata-out=\"fade\"\ndata-ease-out=\"300\"\ndata-time=\"5000\"\n>\n<\/li>\n<li\nstyle=\"\nbackground-color: transparent;\nbackground-image: url('https:\/\/festival-nauke.me\/2010\/wp-content\/uploads\/sites\/3\/2016\/07\/festivalnauke-me-93.jpg');\nbackground-position: center center;\nbackground-repeat: no-repeat;\nbackground-size: cover;\n\n\"\ndata-in=\"fade\"\ndata-ease-in=\"300\"\ndata-out=\"fade\"\ndata-ease-out=\"300\"\ndata-time=\"5000\"\n>\n<\/li>\n<li\nstyle=\"\nbackground-color: transparent;\nbackground-image: url('https:\/\/festival-nauke.me\/2010\/wp-content\/uploads\/sites\/3\/2016\/07\/festivalnauke-me-49.jpg');\nbackground-position: center center;\nbackground-repeat: no-repeat;\nbackground-size: cover;\n\n\"\ndata-in=\"fade\"\ndata-ease-in=\"300\"\ndata-out=\"fade\"\ndata-ease-out=\"300\"\ndata-time=\"5000\"\n>\n<\/li>\n<li\nstyle=\"\nbackground-color: transparent;\nbackground-image: url('https:\/\/festival-nauke.me\/2010\/wp-content\/uploads\/sites\/3\/2016\/07\/festivalnauke-me-8.jpg');\nbackground-position: center center;\nbackground-repeat: no-repeat;\nbackground-size: cover;\n\n\"\ndata-in=\"fade\"\ndata-ease-in=\"300\"\ndata-out=\"fade\"\ndata-ease-out=\"300\"\ndata-time=\"5000\"\n>\n<\/li>\n<li\nstyle=\"\nbackground-color: transparent;\nbackground-image: url('https:\/\/festival-nauke.me\/2010\/wp-content\/uploads\/sites\/3\/2016\/07\/festivalnauke-me-167.jpg');\nbackground-position: center center;\nbackground-repeat: no-repeat;\nbackground-size: cover;\n\n\"\ndata-in=\"fade\"\ndata-ease-in=\"300\"\ndata-out=\"fade\"\ndata-ease-out=\"300\"\ndata-time=\"5000\"\n>\n<\/li>\n<li\nstyle=\"\nbackground-color: transparent;\nbackground-image: url('https:\/\/festival-nauke.me\/2010\/wp-content\/uploads\/sites\/3\/2016\/07\/festivalnauke-me-27.jpg');\nbackground-position: center center;\nbackground-repeat: no-repeat;\nbackground-size: cover;\n\n\"\ndata-in=\"fade\"\ndata-ease-in=\"300\"\ndata-out=\"fade\"\ndata-ease-out=\"300\"\ndata-time=\"5000\"\n>\n<\/li>\n<\/ul>\n<\/div>\n<script type=\"text\/javascript\">\n(function($) {\n$(document).ready(function() {\n$(\"#crellyslider-1\").crellySlider({\nlayout: 'full-width',\nresponsive: 1,\nstartWidth: 1140,\nstartHeight: 500,\nautomaticSlide: 1,\nshowControls: 1,\nshowNavigation: 1,\nenableSwipe: 1,\nshowProgressBar: 1,\npauseOnHover: 1,\nrandomOrder: 0,\nstartFromSlide: 0,\nbeforeStart : function() {},\nbeforeSetResponsive : function() {},\nbeforeSlideStart : function() {},\nbeforePause\t: function() {},\nbeforeResume : function() {},\n});\n});\n})(jQuery);\n<\/script>\n <\/div>\n\t\t<\/div><div id=\"panel-240-0-0-1\" class=\"so-panel widget\" data-index=\"1\" ><\/div><div id=\"panel-240-0-0-2\" class=\"so-panel widget widget_mpst_latest_news mpst_latest_news_widget panel-last-child\" data-index=\"2\" >            <h3 class=\"widget-title\">Novosti<\/h3>            <div id=\"scr\" class=\"row dab-posts u-max-full-width\">\r\n                                <div class=\"blog-post one-third column\">\r\n                                            <div class=\"entry-thumb\">\r\n                                                    <\/div>\r\n                                                <h3 class=\"entry-title\"><a href=\"https:\/\/festival-nauke.me\/2010\/2016\/07\/26\/prijavljivanje-za-naucne-izlete\/\" rel=\"bookmark\">Prijavljivanje za nau\u010dne izlete<\/a><\/h3>                        <div class=\"dab-post-meta\">\r\n                            <span class=\"posted-on\"><i class=\"fa fa-calendar\" title=\"Date\"><\/i> <a href=\"https:\/\/festival-nauke.me\/2010\/2016\/07\/26\/prijavljivanje-za-naucne-izlete\/\" rel=\"bookmark\"><time class=\"entry-date published updated\" datetime=\"2016-07-26T20:57:27+02:00\">26. Jula 2016.<\/time><\/a><\/span><span class=\"byline\"> <span class=\"author vcard\"><a class=\"url fn n\" href=\"https:\/\/festival-nauke.me\/2010\/author\/admin\/\">admin<\/a><\/span><\/span>                        <\/div>\r\n                        <div class=\"entry-summary\">\r\n                            <p>U okviru Festivala nauke 24. septembra \u0107e biti organizovana dva nau\u010dna izleta: Nau\u010dni izlet brodom u Kotoru, sa biolozima Instituta<a class=\"read-more\" href=\"https:\/\/festival-nauke.me\/2010\/2016\/07\/26\/prijavljivanje-za-naucne-izlete\/\"> [\u2026] \u010citaj dalje <i class=\"la la-long-arrow-right\"><\/i><\/a><\/p>\n                        <\/div>\r\n                <\/div>\r\n                                <div class=\"blog-post one-third column\">\r\n                                            <div class=\"entry-thumb\">\r\n                                                    <\/div>\r\n                                                <h3 class=\"entry-title\"><a href=\"https:\/\/festival-nauke.me\/2010\/2016\/07\/26\/poziv-za-ucesce-na-festivalu-nauke-noc-istrazivaca-2010\/\" rel=\"bookmark\">Poziv za u\u010de\u0161\u0107e na festivalu nauke \u2019No\u0107 istra\u017eiva\u010da\u2019 2010.<\/a><\/h3>                        <div class=\"dab-post-meta\">\r\n                            <span class=\"posted-on\"><i class=\"fa fa-calendar\" title=\"Date\"><\/i> <a href=\"https:\/\/festival-nauke.me\/2010\/2016\/07\/26\/poziv-za-ucesce-na-festivalu-nauke-noc-istrazivaca-2010\/\" rel=\"bookmark\"><time class=\"entry-date published updated\" datetime=\"2016-07-26T21:00:12+02:00\">26. Jula 2016.<\/time><\/a><\/span><span class=\"byline\"> <span class=\"author vcard\"><a class=\"url fn n\" href=\"https:\/\/festival-nauke.me\/2010\/author\/admin\/\">admin<\/a><\/span><\/span>                        <\/div>\r\n                        <div class=\"entry-summary\">\r\n                            <p>Pozivamo sve istra\u017eiva\u010dke timove iz javnih i privatnih ustanova i preduze\u0107a u Crnoj\u00a0Gori da se prijave za u\u010de\u0161\u0107e na drugom<a class=\"read-more\" href=\"https:\/\/festival-nauke.me\/2010\/2016\/07\/26\/poziv-za-ucesce-na-festivalu-nauke-noc-istrazivaca-2010\/\"> [\u2026] \u010citaj dalje <i class=\"la la-long-arrow-right\"><\/i><\/a><\/p>\n                        <\/div>\r\n                <\/div>\r\n                                <div class=\"blog-post one-third column\">\r\n                                            <div class=\"entry-thumb\">\r\n                                                    <\/div>\r\n                                                <h3 class=\"entry-title\"><a href=\"https:\/\/festival-nauke.me\/2010\/2016\/07\/26\/evropska-noc-istrazivaca-drugi-put-u-crnoj-gori\/\" rel=\"bookmark\">Evropska \u2019No\u0107 istra\u017eiva\u010da\u2019 drugi put u Crnoj Gori<\/a><\/h3>                        <div class=\"dab-post-meta\">\r\n                            <span class=\"posted-on\"><i class=\"fa fa-calendar\" title=\"Date\"><\/i> <a href=\"https:\/\/festival-nauke.me\/2010\/2016\/07\/26\/evropska-noc-istrazivaca-drugi-put-u-crnoj-gori\/\" rel=\"bookmark\"><time class=\"entry-date published updated\" datetime=\"2016-07-26T21:00:59+02:00\">26. Jula 2016.<\/time><\/a><\/span><span class=\"byline\"> <span class=\"author vcard\"><a class=\"url fn n\" href=\"https:\/\/festival-nauke.me\/2010\/author\/admin\/\">admin<\/a><\/span><\/span>                        <\/div>\r\n                        <div class=\"entry-summary\">\r\n                            <p>Poslednjeg petka u septembru Crna Gora \u0107e biti dio velike evropske porodice koja istog\u00a0dana slavi profesiju istra\u017eiva\u010da. Kroz eksperimente, tribine,<a class=\"read-more\" href=\"https:\/\/festival-nauke.me\/2010\/2016\/07\/26\/evropska-noc-istrazivaca-drugi-put-u-crnoj-gori\/\"> [\u2026] \u010citaj dalje <i class=\"la la-long-arrow-right\"><\/i><\/a><\/p>\n                        <\/div>\r\n                <\/div>\r\n                                                                                <!--<\/div> .row -->\r\n            <\/div>\r\n            <!-- .container -->\r\n            <\/div><\/div><\/div><\/div>","protected":false},"excerpt":{"rendered":"<p>Novosti Prijavljivanje za nau\u010dne izlete 26. Jula 2016. admin U okviru Festivala nauke 24. septembra \u0107e biti organizovana dva nau\u010dna<a class=\"read-more\" href=\"https:\/\/festival-nauke.me\/2010\/\"> [&#8230;] \u010citaj dalje <i class=\"la la-long-arrow-right\"><\/i><\/a><\/p>\n","protected":false},"author":1,"featured_media":0,"parent":0,"menu_order":3,"comment_status":"closed","ping_status":"closed","template":"","meta":{"footnotes":""},"class_list":["post-240","page","type-page","status-publish","hentry"],"_links":{"self":[{"href":"https:\/\/festival-nauke.me\/2010\/wp-json\/wp\/v2\/pages\/240","targetHints":{"allow":["GET"]}}],"collection":[{"href":"https:\/\/festival-nauke.me\/2010\/wp-json\/wp\/v2\/pages"}],"about":[{"href":"https:\/\/festival-nauke.me\/2010\/wp-json\/wp\/v2\/types\/page"}],"author":[{"embeddable":true,"href":"https:\/\/festival-nauke.me\/2010\/wp-json\/wp\/v2\/users\/1"}],"replies":[{"embeddable":true,"href":"https:\/\/festival-nauke.me\/2010\/wp-json\/wp\/v2\/comments?post=240"}],"version-history":[{"count":0,"href":"https:\/\/festival-nauke.me\/2010\/wp-json\/wp\/v2\/pages\/240\/revisions"}],"wp:attachment":[{"href":"https:\/\/festival-nauke.me\/2010\/wp-json\/wp\/v2\/media?parent=240"}],"curies":[{"name":"wp","href":"https:\/\/api.w.org\/{rel}","templated":true}]}}