{"id":10,"date":"2016-07-23T19:30:58","date_gmt":"2016-07-23T17:30:58","guid":{"rendered":"http:\/\/festival-nauke.me\/2009\/?page_id=10"},"modified":"2016-07-23T19:42:04","modified_gmt":"2016-07-23T17:42:04","slug":"program-festivala","status":"publish","type":"page","link":"https:\/\/festival-nauke.me\/2009\/program-festivala\/","title":{"rendered":"Program Festivala"},"content":{"rendered":"<p><strong>1. Eksperimenti i prezentacije<\/strong><br \/>\n12:00-21:00, u Muzeju grada Podgorice<\/p>\n<p><strong>2. Projekcije filmova<\/strong><br \/>\n13:00, 15:30, 17:00 \u2013 <strong>Autostoperski vodi\u010d kroz Sun\u010dev sistem<\/strong><br \/>\n13:30-15:00 \u2013 <strong>Dom<\/strong><br \/>\n16:00-16:35 \u2013 <strong>Element genesis \u2013 Solving the Mystery (English Edition, RIKEN & Image Science, Tokyo, Japan, 2002)<\/strong><\/p>\n<p><strong>3. Likovna radionica: \u201eKako ja vidim istra\u017eiva\u010da\u201d<\/strong><br \/>\n16:00-18:00, na obali Ribnice, u kojoj u\u010destvuju djeca iz ateljea \u201eTa\u010dka\u201d i likovne sekcije \u0161kole \u201ePavle Rovinski\u201d<\/p>\n<p><strong>4. Ekolo\u0161ke radionice Prirodnja\u010dkog muzeja Crne Gore<\/strong><br \/>\n16:00-17:00, ispred knji\u017eare \u201eKarver\u201c<\/p>\n<p><strong>5. SVE\u010cANO OTVARANJE PRVOG FESTIVALA NAUKE U CRNOJ GORI \u2013 NO\u0106 ISTRA\u017dIVA\u010cA 2009<\/strong><br \/>\n18:00, u Muzeju grada Podgorice<\/p>\n<p><strong>6. Predavanja<\/strong><br \/>\n18:30-21:00, u Muzeju grada Podgorice<\/p>\n<p><strong>7. Projekcije filmova studijskog programa Biologija Prirodnomatemati\u010dkog fakulteta, Instituta za biologiju mora i Prirodnja\u010dkog muzeja Crne Gore<\/strong><br \/>\n18:30-20:30, ispred knji\u017eare \u201eKarver\u201c<\/p>\n<p><strong>8. Science caf\u00e9<\/strong><br \/>\n18:30-22:00, u kafeu knji\u017eare \u201eKarver\u201c<\/p>\n<p><strong>9. Koncert rok grupe \u201eHUMAN\u201c<\/strong><br \/>\n22:00-24:00, ispred knji\u017eare \u201eKarver\u201c<\/p>\n","protected":false},"excerpt":{"rendered":"<p>1. Eksperimenti i prezentacije 12:00-21:00, u Muzeju grada Podgorice 2. Projekcije filmova 13:00, 15:30, 17:00 \u2013 Autostoperski vodi\u010d kroz Sun\u010dev<a class=\"read-more\" href=\"https:\/\/festival-nauke.me\/2009\/program-festivala\/\"> [&#8230;] \u010citaj dalje <i class=\"la la-long-arrow-right\"><\/i><\/a><\/p>\n","protected":false},"author":1,"featured_media":0,"parent":0,"menu_order":0,"comment_status":"closed","ping_status":"closed","template":"","meta":{"footnotes":""},"class_list":["post-10","page","type-page","status-publish","hentry"],"_links":{"self":[{"href":"https:\/\/festival-nauke.me\/2009\/wp-json\/wp\/v2\/pages\/10","targetHints":{"allow":["GET"]}}],"collection":[{"href":"https:\/\/festival-nauke.me\/2009\/wp-json\/wp\/v2\/pages"}],"about":[{"href":"https:\/\/festival-nauke.me\/2009\/wp-json\/wp\/v2\/types\/page"}],"author":[{"embeddable":true,"href":"https:\/\/festival-nauke.me\/2009\/wp-json\/wp\/v2\/users\/1"}],"replies":[{"embeddable":true,"href":"https:\/\/festival-nauke.me\/2009\/wp-json\/wp\/v2\/comments?post=10"}],"version-history":[{"count":0,"href":"https:\/\/festival-nauke.me\/2009\/wp-json\/wp\/v2\/pages\/10\/revisions"}],"wp:attachment":[{"href":"https:\/\/festival-nauke.me\/2009\/wp-json\/wp\/v2\/media?parent=10"}],"curies":[{"name":"wp","href":"https:\/\/api.w.org\/{rel}","templated":true}]}}